1 - 360024/(-32728)) a prime number?
False
Let g(t) = -t**2 + 7*t - 8. Let k be g(5). Suppose 3 + k = x, 347 = -4*c - 5*x. Is (-1)/(((-3)/(-1))/c) prime?
True
Let f be (-4040)/(-16) + (-2)/(-4). Suppose 0 = -4*h - 5*t + f, -h - t = -45 - 19. Is h a prime number?
True
Let r(c) = -c**3 + 9*c**2 + 10*c. Let w be r(10). Let x(u) = u + 953. Is x(w) composite?
False
Suppose 26 = 4*p - 3*j, p - 15 = -2*j + 7*j. Suppose 2*w = -c + 281, p*w + 1475 = 5*c + w. Is c a composite number?
True
Let d(j) = -j**2 - 6*j - 13. Let v be d(-3). Let m = 12 - -27. Let q = m + v. Is q a prime number?
False
Let q be ((-120)/(-25))/(4/190). Let k be 1/(-2) - 1/(-2). Suppose k = -3*n + 759 + q. Is n a prime number?
False
Suppose 0 = 4*v - 7*v + 13524. Suppose 2*d + f - 4*f - 1805 = 0, 5*d = 3*f + v. Is d a composite number?
True
Let o(u) be the first derivative of 3*u**5/10 + u**4/24 - 2*u**3/3 - 7*u**2/2 + 6. Let s(i) be the second derivative of o(i). Is s(3) a composite number?
True
Suppose 6*b = 211924 - 79078. Is b a prime number?
False
Let r be ((-4)/(-5))/(-2*1/(-5)). Suppose 2541 = r*c - 1247. Is c a prime number?
False
Suppose -2*a - 3 = 2*p - 5, -3*a + 7 = p. Let q be (a/(-6))/((-4)/(-544)). Let h = q + 231. Is h a prime number?
True
Suppose 3*x = 2297 - 68. Let c = -254 - -620. Let y = x - c. Is y a prime number?
False
Let f(s) = -2*s - 1. Let k be f(-3). Let n be -1 - (6854*k)/(-5). Suppose 6*b - n = -b. Is b composite?
True
Let k be (-27 + 26)/((-2)/8). Suppose -3*q = -0*q + 4*m - 1249, k*q + 3*m = 1670. Is q a composite number?
False
Is 682 + (0 - (1 + -4)) prime?
False
Let s = 69 - -4. Suppose 484 = c - s. Is c a prime number?
True
Let u(j) = -2*j - 6. Let d be u(-3). Suppose -4*g + 4*q + 1190 + 334 = d, 4*q = -5*g + 1887. Is g composite?
False
Let k(f) = 3*f**2 - f - 2. Let r be k(-1). Let g(a) = -35*a**2 + 2*a - 1. Let t be g(r). Let h = t + 230. Is h prime?
False
Let g = 888 + -1251. Let h = -17 + g. Let a = -217 - h. Is a composite?
False
Suppose -3*u + 52 = 40. Suppose -u*k + 3*k + 26 = 0. Is k composite?
True
Suppose -3*n = 13 - 19. Suppose -n*l = -682 - 900. Is l composite?
True
Let a be (14/21)/((-1)/(-3)). Let d(w) = 2*w + 2*w - 11 + 9*w**a - 2*w + 2. Is d(-4) prime?
True
Let k(w) = -4*w + 2*w**2 + 7*w**3 - 15*w**3 + 3 - 5 - 7*w**3. Is k(-5) composite?
True
Suppose v = -4*f + 885, -5*v + f + 4425 = 2*f. Suppose 2*g - z - 4*z - v = 0, -2*g - 4*z = -894. Is g a composite number?
True
Suppose -3*j + 6*j + 4*j = 0. Suppose -5*i - 1227 = -a - j*i, -2*a + 2442 = -4*i. Is a a composite number?
False
Is 3 - 10722/(-3) - (13 + -10) a composite number?
True
Is (-31274 + 78)*(-1)/4 a prime number?
False
Suppose 18*o + 5*o = 57845. Is o a prime number?
False
Suppose 30674 - 2188 = 2*l. Is l a composite number?
False
Suppose z = -z - 28. Let w = z + 16. Suppose -w*g = 2*g - 484. Is g composite?
True
Let s be 3/(-6) - 2036/(-8). Let v = s + -127. Is v composite?
False
Let i be 1149/(-33) + 2/(-11). Is 10/i + (-2)/((-28)/17546) prime?
False
Is (-6 + 986/4)/(2/4) a prime number?
False
Let l(s) = s**3 - 45*s**2 + 92*s + 82. Is l(54) composite?
True
Let p be (46116/22 - (-24)/(-132)) + 1. Let q = 4670 - p. Is q a composite number?
True
Let j(y) = 335*y**3 + 2*y**2 + 4. Let i be j(-2). Let a = -1607 - i. Is a prime?
True
Let w be -4 + (-2 - -2 - -4). Suppose w = -5*u - 10308 - 3807. Is (-3)/(-18) + u/(-18) composite?
False
Suppose -5*c - 9237 - 1578 = -5*n, -c - 10799 = -5*n. Is n composite?
True
Suppose 14*m - 16*m = -12. Suppose -3*r - 582 = -m*r. Is r composite?
True
Let r(y) = 38*y**2 - 13*y + 80. Is r(5) composite?
True
Let y = 66743 - 35874. Is y prime?
True
Let p be 97/2*2 - (-2 - 1). Let j = 219 - p. Is j composite?
True
Let x(c) = 43*c**2 + 5*c + 2. Let a be (2 - 3)/((-3)/(-15)). Let s(n) = -22*n**2 - 2*n - 1. Let i(m) = a*s(m) - 2*x(m). Is i(-1) a composite number?
True
Suppose -2*c + 2*j + 15970 = 0, 7*c - 39925 = 2*c + 4*j. Is c prime?
False
Let k(i) = -i + 11. Let x be k(8). Suppose 4*a + 5*m - 1807 = 0, x*a - 2*a = 4*m + 478. Is a prime?
False
Suppose 7*r = 19*r - 97548. Is r prime?
False
Suppose 0 = 2*b - 2*k - 2*k + 5904, 0 = -5*b + 4*k - 14742. Let p be b/(-9) - 3/9. Suppose 4*c - 226 - 1099 = -i, 4*i = c - p. Is c prime?
True
Let d = 7 + -7. Suppose d = -7*k + 8*k - 4. Suppose -1687 = 2*u - 5*u - k*p, 2765 = 5*u - 5*p. Is u a composite number?
False
Let z(c) = 11*c - 8. Let o(d) = 3*d**2 - 2*d + 3. Let f = -2 + 4. Let a be o(f). Is z(a) composite?
False
Let w(h) = 32*h**2 + 2*h - 27. Is w(4) a composite number?
True
Let m = 8 - 7. Suppose j + m + 1 = -3*z, 4*j - z = 18. Suppose 3*v + 55 = j*v. Is v a composite number?
True
Let q(x) = 2*x + 9. Let n be q(-3). Suppose n*t - 20 = -2*z, -t - 5*z - 9 = 6. Is t composite?
True
Let a(f) = -80*f - 9. Let o(c) = -79*c - 9. Let z(t) = 3*a(t) - 2*o(t). Is z(-4) composite?
True
Let f(q) = q**2 + q - 6. Let x be f(0). Is (2/x)/(8/(-6216)) a composite number?
True
Suppose -104474 = -17*b + 1419. Is b prime?
True
Suppose 4*o = -3*x + 4120 - 1215, x - o - 973 = 0. Is x prime?
True
Let h(q) = -7*q - 2. Let x(a) = 4*a + 1. Let k(z) = -3*h(z) - 5*x(z). Let v be k(4). Suppose 50 = 2*t - v*s, -65 = -4*t + 5*s + 15. Is t composite?
True
Suppose l = -3*l + 64. Suppose -4*m + 2*m - l = 0. Is (-2)/m + (-1526)/(-8) composite?
False
Let s be 2/(-4)*(-48)/6. Suppose -5*p = -0*p - 3*b - 4984, p - 983 = -s*b. Suppose -154 = x - p. Is x a prime number?
False
Let o be -7*2*(-20)/35. Suppose 4065 = 5*x - 2*s, -o*s = 5*x - 5*s - 4090. Is x composite?
True
Is 140/(-490) - 18918/(-14) prime?
False
Suppose -5*m - 10 = -3*m, 2*n - m - 19 = 0. Suppose n*j = 4*j + 2241. Is j + (7 - 0) + -3 a composite number?
False
Let l(g) = g**2 + 2*g - 10. Is l(23) prime?
False
Suppose -m = -696 - 4451. Is m prime?
True
Let m = 16 + -5. Is 762*m/(-4)*(-18)/27 a prime number?
False
Suppose 3*m = -z - 28, z + 4*m = 1 - 27. Let t = 45 - z. Is t composite?
False
Suppose 17 = 5*k - 8. Suppose -2*i - 270 = -k*u - 0*i, 3*u - 181 = 5*i. Suppose u = 2*n - 82. Is n prime?
True
Let y(x) = -1 - 2 - x**3 + 2 + 8*x**2 - 5*x**2. Let h be y(2). Suppose h*a + 2*a = 1535. Is a prime?
True
Let l(k) = -60*k**2 - k + 6. Let z be l(-4). Let q = z - -2311. Is q a composite number?
False
Let a(y) = y**2 - 3*y + 3. Let s be a(2). Is s/1 + 2178/1 a composite number?
False
Let h(m) = 3*m + 2*m**2 - m**2 + 4*m**2 - 4*m**2. Let q be h(-4). Suppose s - q*u - 405 = 0, -2*s = 5*u - 305 - 531. Is s a prime number?
False
Let x be 116*(0 + (-116)/(-16)). Suppose 2643 = 3*u + 2*z, -u = 4*z - x - 30. Is u a prime number?
True
Suppose 0 = t - 928 - 1231. Is t a prime number?
False
Let z(p) be the third derivative of 707*p**5/30 + p**4/24 + 4*p**2. Let a be z(-1). Is 2*1*a/18 prime?
True
Let t(h) be the second derivative of -8*h**5/5 + h**4/6 + h**3/3 - h**2/2 - 19*h. Is t(-2) a prime number?
False
Let n be ((-560)/42)/(2/(-3)). Let p = n - 10. Suppose -11*d + 91 = -p*d. Is d a prime number?
False
Let y = 430 - 840. Suppose -3*q - 12 = 3*d, q + 5*d = 2*q - 14. Is (y/4)/(q/2) composite?
True
Let h(j) = j. Let d(z) = 740*z + 3. Let o(p) = d(p) + 3*h(p). Is o(1) composite?
True
Suppose -2549 = 31*d - 32*d. Let f = d + -1606. Is f a composite number?
True
Suppose 0 = -2*h + 4*c + 28, -3*h + c + 28 - 1 = 0. Let n be (-84)/9*12/h. Is (n/(-4))/(1/2) composite?
False
Let q = -6 - -9. Suppose -5*p + q*c + 7 = -106, -95 = -3*p - 5*c. Let x = -15 + p. Is x a composite number?
True
Suppose 0 = 4*h + 5*g - 5316, -2*h = -h + 3*g - 1329. Suppose z + 123 = 3*n - 688, 4*z - h = -5*n. Is n prime?
True
Let o(u) = -u**3 + u**2 - 4. Let v be o(0). Let j be (v/(-10))/(11/(-110)). Is (-2)/j + (-65)/(-26) a prime number?
True
Let f = 299852 - 187231. Is f a prime number?
True
Let t(v) be the first derivative of 3*v**5/20 + v**4/24 + v**3 - 7. Let q(c) be the third derivative of t(c). Is q(13) a composite number?
True
Let k(l) = -l**3 + 8*l**2 + 5*l - 6. Let x be (30/4)/((-4)/(-8)). Let a = x - 7. Is k(a) a composite number?
True
Suppose -7*i = -9*i. Let d be ((-3)/(-2))/((-3)/(-8)). Suppose i*p = d*p - 132. Is p a composite number?
True
Let p be (-699)/(-21) + (-8)/28. Let m = 37 - p. Suppose -m*s + 645 + 65 = -2*j, -3*s - 4*j + 527 = 0. Is s prime?
False
Suppose 24098 = 2*q + 4*i, 8 = -5*i - 2. Is q a prime 